{"id":955,"date":"2023-09-08T20:29:49","date_gmt":"2023-09-08T23:29:49","guid":{"rendered":"https:\/\/ffswines.com.br\/?post_type=product&#038;p=955"},"modified":"2023-09-08T20:29:49","modified_gmt":"2023-09-08T23:29:49","slug":"novas-sauvignon-blanc","status":"publish","type":"product","link":"https:\/\/ffswines.com.br\/index.php\/produto\/novas-sauvignon-blanc\/","title":{"rendered":"Novas Sauvignon Blanc"},"content":{"rendered":"<p>Vinho branco: Sauvignon Blanc<\/p>\n","protected":false},"excerpt":{"rendered":"<p><span style=\"font-weight: 400;\">Este vinho branco org\u00e2nico chileno nos encanta por seu car\u00e1ter fresco, com notas de frutas c\u00edtricas, como lima, al\u00e9m de ma\u00e7\u00e3s verdes e nuances herb\u00e1ceas. Fresco e delicado, com \u00f3tima acidez.<\/span><\/p>\n<p><span style=\"font-weight: 400;\">Harmoniza perfeitamente com entradas leves, como saladas, massas salteadas em manteiga e ervas, al\u00e9m de pescados e frutos do mar e queijos de massa mole. <\/span><\/p>\n","protected":false},"featured_media":520,"comment_status":"open","ping_status":"closed","template":"","meta":[],"product_cat":[27],"product_tag":[],"_links":{"self":[{"href":"https:\/\/ffswines.com.br\/index.php\/wp-json\/wp\/v2\/product\/955"}],"collection":[{"href":"https:\/\/ffswines.com.br\/index.php\/wp-json\/wp\/v2\/product"}],"about":[{"href":"https:\/\/ffswines.com.br\/index.php\/wp-json\/wp\/v2\/types\/product"}],"replies":[{"embeddable":true,"href":"https:\/\/ffswines.com.br\/index.php\/wp-json\/wp\/v2\/comments?post=955"}],"wp:featuredmedia":[{"embeddable":true,"href":"https:\/\/ffswines.com.br\/index.php\/wp-json\/wp\/v2\/media\/520"}],"wp:attachment":[{"href":"https:\/\/ffswines.com.br\/index.php\/wp-json\/wp\/v2\/media?parent=955"}],"wp:term":[{"taxonomy":"product_cat","embeddable":true,"href":"https:\/\/ffswines.com.br\/index.php\/wp-json\/wp\/v2\/product_cat?post=955"},{"taxonomy":"product_tag","embeddable":true,"href":"https:\/\/ffswines.com.br\/index.php\/wp-json\/wp\/v2\/product_tag?post=955"}],"curies":[{"name":"wp","href":"https:\/\/api.w.org\/{rel}","templated":true}]}}