{"id":944,"date":"2023-09-08T20:02:47","date_gmt":"2023-09-08T23:02:47","guid":{"rendered":"https:\/\/ffswines.com.br\/?post_type=product&#038;p=944"},"modified":"2023-09-08T20:02:47","modified_gmt":"2023-09-08T23:02:47","slug":"pedra-cancela-selecao-do-enologo","status":"publish","type":"product","link":"https:\/\/ffswines.com.br\/index.php\/produto\/pedra-cancela-selecao-do-enologo\/","title":{"rendered":"Pedra Cancela Sele\u00e7\u00e3o do En\u00f3logo"},"content":{"rendered":"<p>Vinho tinto blend<\/p>\n","protected":false},"excerpt":{"rendered":"<p>Pedra Cancela<span style=\"font-weight: 400;\"> \u00e9 um blend de Touriga Nacional, Tinta Roriz e Alfrocheiro. Com notas de frutos vermelhos, ameixa madura e cacau, este tinto \u00e9 um t\u00edpico exemplar do D\u00e3o, macio e de taninos elegantes. Harmoniza com carnes vermelhas e queijos de massa mole.<\/span><\/p>\n","protected":false},"featured_media":527,"comment_status":"open","ping_status":"closed","template":"","meta":[],"product_cat":[29],"product_tag":[],"_links":{"self":[{"href":"https:\/\/ffswines.com.br\/index.php\/wp-json\/wp\/v2\/product\/944"}],"collection":[{"href":"https:\/\/ffswines.com.br\/index.php\/wp-json\/wp\/v2\/product"}],"about":[{"href":"https:\/\/ffswines.com.br\/index.php\/wp-json\/wp\/v2\/types\/product"}],"replies":[{"embeddable":true,"href":"https:\/\/ffswines.com.br\/index.php\/wp-json\/wp\/v2\/comments?post=944"}],"wp:featuredmedia":[{"embeddable":true,"href":"https:\/\/ffswines.com.br\/index.php\/wp-json\/wp\/v2\/media\/527"}],"wp:attachment":[{"href":"https:\/\/ffswines.com.br\/index.php\/wp-json\/wp\/v2\/media?parent=944"}],"wp:term":[{"taxonomy":"product_cat","embeddable":true,"href":"https:\/\/ffswines.com.br\/index.php\/wp-json\/wp\/v2\/product_cat?post=944"},{"taxonomy":"product_tag","embeddable":true,"href":"https:\/\/ffswines.com.br\/index.php\/wp-json\/wp\/v2\/product_tag?post=944"}],"curies":[{"name":"wp","href":"https:\/\/api.w.org\/{rel}","templated":true}]}}