{"id":936,"date":"2023-09-08T18:06:52","date_gmt":"2023-09-08T21:06:52","guid":{"rendered":"https:\/\/ffswines.com.br\/?post_type=product&#038;p=936"},"modified":"2023-09-08T18:06:52","modified_gmt":"2023-09-08T21:06:52","slug":"passio-nero-davola-sicilia-doc","status":"publish","type":"product","link":"https:\/\/ffswines.com.br\/index.php\/produto\/passio-nero-davola-sicilia-doc\/","title":{"rendered":"Passio Nero D\u2019Avola Sic\u00edlia Doc"},"content":{"rendered":"<p>Vinho tinto: Chardonnay<\/p>\n","protected":false},"excerpt":{"rendered":"<p><span style=\"font-weight: 400;\">\u00c9 um vinho elaborado com leve apassiamento a partir de uvas colhidas cerca de 15 dias ap\u00f3s o final da temporada, \u00f3tima matura\u00e7\u00e3o. Tinto intenso, de colora\u00e7\u00e3o p\u00farpura, notas de frutas negras maduras e compotadas, bom volume de boca e \u00f3timo frescor. Harmoniza bem com carne vermelha e grelhada e massas com molhos vermelhos.<\/span><\/p>\n","protected":false},"featured_media":534,"comment_status":"open","ping_status":"closed","template":"","meta":[],"product_cat":[24],"product_tag":[],"_links":{"self":[{"href":"https:\/\/ffswines.com.br\/index.php\/wp-json\/wp\/v2\/product\/936"}],"collection":[{"href":"https:\/\/ffswines.com.br\/index.php\/wp-json\/wp\/v2\/product"}],"about":[{"href":"https:\/\/ffswines.com.br\/index.php\/wp-json\/wp\/v2\/types\/product"}],"replies":[{"embeddable":true,"href":"https:\/\/ffswines.com.br\/index.php\/wp-json\/wp\/v2\/comments?post=936"}],"wp:featuredmedia":[{"embeddable":true,"href":"https:\/\/ffswines.com.br\/index.php\/wp-json\/wp\/v2\/media\/534"}],"wp:attachment":[{"href":"https:\/\/ffswines.com.br\/index.php\/wp-json\/wp\/v2\/media?parent=936"}],"wp:term":[{"taxonomy":"product_cat","embeddable":true,"href":"https:\/\/ffswines.com.br\/index.php\/wp-json\/wp\/v2\/product_cat?post=936"},{"taxonomy":"product_tag","embeddable":true,"href":"https:\/\/ffswines.com.br\/index.php\/wp-json\/wp\/v2\/product_tag?post=936"}],"curies":[{"name":"wp","href":"https:\/\/api.w.org\/{rel}","templated":true}]}}